71
What are the prime factors of 9118597?
53, 172049
List the prime factors of 6639814.
2, 127, 26141
List the prime factors of 1717867.
17, 101051
What are the prime factors of 605968?
2, 11, 313
List the prime factors of 18719904.
2, 3, 7, 89, 313
List the prime factors of 23359604.
2, 5839901
List the prime factors of 4350465.
3, 5, 7, 1973
List the prime factors of 170768.
2, 13, 821
What are the prime factors of 79052?
2, 19763
What are the prime factors of 3509946?
2, 3, 11, 19, 311
List the prime factors of 760924.
2, 181, 1051
List the prime factors of 3834241.
1063, 3607
What are the prime factors of 111429?
3, 4127
What are the prime factors of 111061?
17, 47, 139
List the prime factors of 3145952.
2, 17, 5783
List the prime factors of 569484.
2, 3, 5273
What are the prime factors of 7682123?
1447, 5309
What are the prime factors of 2415559?
2415559
List the prime factors of 4904959.
17, 288527
What are the prime factors of 177592?
2, 79, 281
What are the prime factors of 141219?
3, 13, 17, 71
What are the prime factors of 147168?
2, 3, 7, 73
What are the prime factors of 15827776?
2, 247309
What are the prime factors of 859851?
3, 95539
What are the prime factors of 2148510?
2, 3, 5, 7, 13, 787
List the prime factors of 231824.
2, 14489
List the prime factors of 4164015.
3, 5, 277601
List the prime factors of 88858.
2, 7, 11, 577
List the prime factors of 3348861.
3, 67, 16661
What are the prime factors of 1933179?
3, 307, 2099
What are the prime factors of 245944?
2, 71, 433
What are the prime factors of 2679405?
3, 5, 178627
What are the prime factors of 759681?
3, 13, 43, 151
What are the prime factors of 208177?
179, 1163
List the prime factors of 120217.
239, 503
What are the prime factors of 1768708?
2, 442177
What are the prime factors of 167943?
3, 17, 37, 89
What are the prime factors of 2528906?
2, 463, 2731
List the prime factors of 37451368.
2, 41, 227, 503
List the prime factors of 1237381.
619, 1999
What are the prime factors of 530470?
2, 5, 53047
What are the prime factors of 5130174?
2, 3, 7, 122147
List the prime factors of 325977.
3, 193, 563
What are the prime factors of 839022?
2, 3, 139837
What are the prime factors of 16418?
2, 8209
List the prime factors of 81184.
2, 43, 59
List the prime factors of 8208901.
8208901
What are the prime factors of 64969?
64969
List the prime factors of 29345545.
5, 41, 257, 557
List the prime factors of 5702232.
2, 3, 59, 4027
List the prime factors of 1011136.
2, 7, 37, 61
List the prime factors of 883248.
2, 3, 18401
What are the prime factors of 366324?
2, 3, 7, 89
List the prime factors of 59215.
5, 13, 911
List the prime factors of 5157048.
2, 3, 13, 16529
List the prime factors of 6094491.
3, 13, 156269
List the prime factors of 13143939.
3, 43, 101891
What are the prime factors of 15330338?
2, 181, 42349
What are the prime factors of 33268328?
2, 37, 71, 1583
List the prime factors of 1336185.
3, 5, 23, 1291
List the prime factors of 31623.
3, 83, 127
List the prime factors of 350500.
2, 5, 701
What are the prime factors of 56151?
3, 17, 367
List the prime factors of 3333337.
7, 31, 15361
What are the prime factors of 117951?
3, 39317
List the prime factors of 21827754.
2, 3, 13, 93281
List the prime factors of 22001740.
2, 5, 17, 163, 397
What are the prime factors of 14035999?
17, 825647
List the prime factors of 305514.
2, 3, 11, 1543
What are the prime factors of 40056281?
40056281
What are the prime factors of 553193?
553193
What are the prime factors of 261521?
13, 20117
List the prime factors of 89799.
3, 37, 809
List the prime factors of 1989141.
3, 7, 11, 79, 109
List the prime factors of 2038056.
2, 3, 84919
What are the prime factors of 18673156?
2, 541, 8629
List the prime factors of 18895574.
2, 9447787
What are the prime factors of 4315358?
2, 2157679
What are the prime factors of 1377739?
11, 251, 499
What are the prime factors of 19196461?
19196461
What are the prime factors of 243123?
3, 81041
What are the prime factors of 170034?
2, 3, 17, 1667
List the prime factors of 602209.
23, 26183
What are the prime factors of 26912?
2, 29
What are the prime factors of 890947?
883, 1009
What are the prime factors of 421977?
3, 140659
List the prime factors of 1785674.
2, 11, 23, 3529
What are the prime factors of 5727221?
5727221
What are the prime factors of 52425?
3, 5, 233
What are the prime factors of 460466?
2, 230233
List the prime factors of 4924183.
11, 449, 997
List the prime factors of 858018.
2, 3, 7, 31, 659
List the prime factors of 1975996.
2, 11, 44909
List the prime factors of 142277.
73, 1949
What are the prime factors of 1795772?
2, 11, 40813
What are the prime factors of 5426832?
2, 3, 167, 677
What are the prime factors of 1993241?
1993241
List the prime factors of 11725360.
2, 5, 97, 1511
What are the prime factors of 24843799?
2143, 11593
What are the prime factors of 27561382?
2, 503, 27397
List the prime factors of 3491120.
2, 5, 17, 151
What are the prime factors of 2106254?
2, 101, 10427
What are the prime factors of 135056?
2, 23, 367
What are the prime factors of 4935326?
2, 11, 19, 11807
List the prime factors of 32905906.
2, 11, 1495723
List the prime factors of 9110045.
5, 7, 17, 61, 251
List the prime factors of 90139.
7, 79, 163
List the prime factors of 358651.
53, 67, 101
What are the prime factors of 252755?
5, 50551
List the prime factors of 373597.
7, 19, 53
What are the prime factors of 63260?
2, 5, 3163
List the prime factors of 1314361.
1314361
What are the prime factors of 10026733?
31, 323443
What are the prime factors of 12953308?
2, 199, 16273
What are the prime factors of 1301699?
7, 185957
What are the prime factors of 6383332?
2, 1595833
List the prime factors of 1642888.
2, 13, 15797
What are the prime factors of 506137?
29, 31, 563
List the prime factors of 215565.
3, 5, 7, 2053
What are the prime factors of 106029?
3, 7, 11, 17
List the prime factors of 597604.
2, 7, 3049
What are the prime factors of 12420885?
3, 5, 828059
List the prime factors of 10130868.
2, 3, 11, 25583
What are the prime factors of 23349833?
13, 131, 13711
List the prime factors of 156342.
2, 3, 71, 367
What are the prime factors of 64966?
2, 11, 2953
What are the prime factors of 3959182?
2, 19, 43, 2423
List the prime factors of 1060976.
2, 7, 9473
List the prime factors of 556858.
2, 29, 9601
What are the prime factors of 146944?
2, 7, 41
List the prime factors of 338578.
2, 41, 4129
What are the prime factors of 13768618?
2, 1171, 5879
List the prime factors of 146260.
2, 5, 71, 103
What are the prime factors of 1029101?
53, 19417
What are the prime factors of 10598285?
5, 23, 157, 587
List the prime factors of 3983383.
37, 199, 541
What are the prime factors of 371902?
2, 185951
List the prime factors of 1520494.
2, 19, 40013
List the prime factors of 300846.
2, 3, 7, 13, 19, 29
What are the prime factors of 7463165?
5, 71, 21023
List the prime factors of 7754736.
2, 3, 11, 19, 773
List the prime factors of 934522.
2, 467261
What are the prime factors of 225927?
3, 13, 1931
List the prime factors of 312328.
2, 39041
What are the prime factors of 14705721?
3, 1013, 1613
What are the prime factors of 3338187?
3, 1112729
List the prime factors of 1269897.
3, 423299
What are the prime factors of 31653?
3, 3517
List the prime factors of 2244172.
2, 7, 80149
List the prime factors of 4496885.
5, 29, 31013
What are the prime factors of 235038?
2, 3, 43, 911
What are the prime factors of 465423?
3, 7, 37, 599
List the prime factors of 84513.
3, 11, 13, 197
List the prime factors of 838002.
2, 3, 11, 12697
What are the prime factors of 181806?
2, 3, 157, 193
List the prime factors of 295461.
3, 31, 353
List the prime factors of 2083428.
2, 3, 101, 191
List the prime factors of 11644244.
2, 2911061
List the prime factors of 315757.
13, 107, 227
What are the prime factors of 1321904?
2, 82619
What are the prime factors of 972458?
2, 19, 157, 163
What are the prime factors of 300831?
3, 149, 673
What are the prime factors of 599979?
3, 43, 4651
What are the prime factors of 5769953?
7, 17, 48487
List the prime factors of 1093827.
3, 7, 1063
What are the prime factors of 976105?
5, 13, 15017
What are the prime factors of 525804?
2, 3, 43, 1019